33*m**2 - 3*m - 2. Let i be v(-1). Suppose 6*c + i = -8. Is 2/4 - ((-79233)/(-14))/c a prime number?
True
Let q(x) = 222*x**2 + x + 1. Let v = -289 + 293. Is q(v) a prime number?
True
Suppose -49*u + 47*u = -p - 2194491, 2*u - 2*p - 2194490 = 0. Is u prime?
False
Let p(u) = 6*u**2 + 51*u + 50. Let b = -150 + 122. Is p(b) a prime number?
False
Suppose -5*o + 25 = 0, 5*b + 4*o - 112013 = 99892. Is b a prime number?
False
Let z(d) = -3*d**3 + 13*d**2 - 32*d - 401. Is z(-52) composite?
False
Suppose -20 = 3*y + 2*y. Let l be (5664 + 10)*(-2)/y. Suppose x + w = 710, -8*x + 12*x + 5*w = l. Is x prime?
False
Suppose 2*t - 3*t + 18 = -5*g, 8 = 2*t + 4*g. Suppose t*z = 6*z + 4814. Is z a prime number?
False
Let n = 60 - -289. Suppose 3*o - n = 2*y + 118, -3*o + y + 466 = 0. Is o a composite number?
True
Suppose 5 = -10*r + 55. Let z be r/10 - 801/(-2). Suppose 3*l - 610 = z. Is l a prime number?
True
Suppose -6*w + 13486 + 38162 = 0. Suppose 3*t + w = 2*q, -17224 = -2*q - 2*q + 2*t. Is q composite?
True
Let f(s) = s**3 - 9*s**2 - 4*s - 4. Let t(i) = 10*i - 15. Let m be t(4). Suppose 47 = 2*l + m. Is f(l) a prime number?
False
Let p(v) = 116*v**2 - 12*v + 31. Let l be p(4). Is (-39)/(-78)*(l - 1) prime?
True
Let l(f) = -64*f**2 + 4*f - 19. Let x be l(6). Let c = -5086 - x. Let v = -1738 - c. Is v a composite number?
False
Let h(o) = -455*o**3 - 5*o**2 - 26*o - 67. Is h(-4) prime?
True
Let k = -13 - -15. Suppose -5*l - 11 = -k*g + 18, 7 = -4*g - 3*l. Suppose -5*r + 719 = 4*a, 4*r - 570 = g*a - 0*a. Is r prime?
False
Let y(l) = 2764*l - 62. Let j be y(6). Suppose -3*d - 10 = -b, b - 5*d = -0*b + 14. Suppose o - 3652 = -5*t + 471, -j = -b*o - 5*t. Is o prime?
True
Let l = 15891 - 3080. Is l composite?
True
Let p = 349 + -343. Is (-3)/p*0 - -11340 - 5 a composite number?
True
Let w = -32 + 34. Suppose 0 = -2*r - 8, w*g + 2*r - 1819 = -121. Is g a prime number?
True
Is (90108/30)/(-3)*(35/(-2))/7 a composite number?
False
Let s = -212 - -217. Let p(b) = 27*b**3 - 3*b**2 - 2*b + 19. Is p(s) prime?
False
Let t be 33*(4/3 + 3). Let m = 116 + t. Suppose -3*l = -l + 2*i - 110, 3*i = 5*l - m. Is l composite?
False
Suppose -2*h + 5*z + 15 = -0*h, -3*z = h - 24. Suppose 4*g - 2*b - 15642 = 0, 4*b = b + h. Let d = 8828 - g. Is d a composite number?
True
Let l(n) = 8937*n**2 + 11*n + 13. Is l(-1) a prime number?
False
Suppose 33 = -6*b - 39. Let r be b/((2/6 - 0)*1). Let k = r + 51. Is k prime?
False
Let g(f) = -2*f**3 - 3*f**2 - 3*f + 2. Let u be g(-3). Suppose -90 = 200*s - 190*s. Let o = u - s. Is o a composite number?
False
Let l(f) = 3*f**2 - 22*f - 112. Let x be l(-28). Suppose 2*b + 10252 + 1168 = 4*y, x = y - b. Is y composite?
True
Let v(r) = r**3 - 5*r**2 - 11*r + 22. Let x be v(6). Let q be x*1/(-2)*2. Suppose -q*i + 1346 = -86. Is i a prime number?
True
Let i(q) = 721*q**3 + 4*q**2 - 10*q + 66. Is i(7) a prime number?
False
Let g(h) = -299*h - 9. Let f = -1 + 8. Suppose 0 = -f*j + 10*j + 6. Is g(j) composite?
True
Let y = 6 - -3. Let q(g) = -22 + y*g + 9*g - 28*g. Is q(-18) composite?
True
Suppose 2*d = a + 1059310, -5*d + 338244 = 2*a - 2310049. Is d a composite number?
False
Let t = -80081 + 137064. Is t prime?
True
Let v be 1 + (-12 - -34879 - (0 - 2)). Suppose 4*r = -2*u + v, 2*r - 8*u - 17433 = -7*u. Is r a prime number?
False
Let s(o) = o**3 - 14*o**2 + 24*o + 8. Suppose 4*g - 3 = -3*n, -4*g + 3*n + 6 = 5*n. Suppose -4*v = g*l - 63, 2*l - 4*l - 4*v + 46 = 0. Is s(l) composite?
False
Let x = 5219 + -3151. Suppose 79*l + x = 83*l. Is l prime?
False
Let h be 34 - (1 + -4 - 1). Is 1282/(-1)*(-19)/h a composite number?
False
Let d = 131 - -790. Suppose -4*s = 5*w - 658 - d, 5*w - 1603 = 2*s. Is w composite?
True
Let t(n) = 959*n**2 - 554*n - 12. Let p(d) = -320*d**2 + 173*d + 4. Let w(s) = -16*p(s) - 5*t(s). Suppose -3*r = -0 - 3. Is w(r) composite?
True
Suppose -m + 20 = 5*l, -3*l = -2*m + 20 - 32. Let z(a) = -4*a + 384 + 2*a**2 + 0*a + 17. Is z(m) a composite number?
False
Let r(v) = -679*v + 15. Let k(m) = 2036*m - 40. Let l(f) = 6*k(f) + 17*r(f). Is l(2) composite?
False
Let s = 119 - 121. Is (2 - s) + 870 + 4 prime?
False
Let c(g) = 1372534*g**2 + 85*g + 82. Is c(-1) prime?
True
Let b be (-515)/(-8) + (-6)/16. Suppose -b*d = -74*d + 13970. Is d a composite number?
True
Suppose -55765747 = -198*q - 33527074 + 50951433. Is q a composite number?
False
Let w(a) = 19*a**2 - 7*a - 43. Suppose -5*y - 4*b + b + 54 = 0, 5*b - 38 = -4*y. Is w(y) a prime number?
True
Let h be (9/18)/(2/(-64)). Let k = -12 + h. Is k/98 + (-15362)/(-14) prime?
True
Suppose 2*f = -3*k + 99366, 54415 = 3*k - 3*f - 44951. Is k composite?
True
Let p = 2250 + -744. Let q be (45/(-2))/3*16/(-20). Suppose 264 + p = q*v. Is v a composite number?
True
Suppose 4*h - 1670 = -594. Let g = h + -163. Is g a composite number?
True
Let u be 62/(-22) - 20/110. Is ((-5)/(-3) + -2)/(u/54963) prime?
False
Let t = -771539 - -1141596. Is t a prime number?
True
Let r be (-2 + 4/1 - 8)*-313. Let q = r + 5939. Is q composite?
False
Let x be (-1 - 0)*(3 - 1339)/8. Suppose 157*k = x*k - 10770. Is k composite?
True
Suppose 44946 = 7*k + 2*k. Let l = k - 1521. Is l a prime number?
False
Suppose -14 + 64 = 2*l. Suppose l = 4*j + j. Let n(m) = 45*m - 2. Is n(j) composite?
False
Suppose 2*m + 780 = -13*m. Let v = m - -56. Suppose -v*f - 3*q = -1636, f - 5*q = -71 + 480. Is f a composite number?
False
Let i = 43 + -20. Suppose 0 = -s - 821 - i. Is 3/12 - s/16 a prime number?
True
Let i(j) = 2*j**2 + j + 3. Let y be i(3). Let t be (4/6)/(4/y). Suppose 2 = t*b + 14, 2*q - 5*b - 905 = 0. Is q a composite number?
True
Let c(m) = -m**2 - 2*m + 23. Let v be c(-5). Let t = v - -1. Let q(p) = 74*p - 31. Is q(t) prime?
False
Suppose 0 = -3*u + 3*a + 6, u - 4*a + 5 = -5. Suppose -6713 = -u*i + 25465. Is i a composite number?
True
Let r be 8383/(3/(-6)*-2). Suppose -11*i + 4432 = -r. Is i a composite number?
True
Suppose 5*s + 125*d = 126*d + 129208, 3*s = 6*d + 77541. Is s prime?
True
Let v(z) = -z**3 + 25*z**2 - 2*z + 56. Let t be v(25). Suppose -t*k + 3482 = -4*k - 4*y, -5219 = -3*k + 2*y. Is k composite?
True
Let d(x) = -1149*x**3 - x**2 + 9*x + 10. Let f be d(-1). Suppose -4*a + 5*n = -4548, 0 = -4*a - n + f + 3399. Is a a composite number?
True
Let c(f) = 306*f**2 - 151*f**2 - 150*f**2 + 2*f + 1. Let g be c(-1). Suppose -v = -g*w - 249 - 196, 4*v - 1794 = 2*w. Is v a prime number?
True
Let p(z) = -z**2 - z + 77. Let q be p(-9). Is (-20168)/(-48)*(-3 + q)*9 composite?
True
Is 56/12 - 4 - 1232959/(-21) prime?
False
Is (-48506)/((-31)/(341/22)) a composite number?
True
Let o be -4*(-2 + 1) + -1 - 1. Suppose o*r - 2*f = 4100, 8*r - 2*f = 3*r + 10235. Is r a composite number?
True
Suppose -111*o + 189*o + 11655868 = 106*o. Is o a prime number?
True
Suppose y = 2*u + 1035045, 98*u - 4140177 = -4*y + 103*u. Is y prime?
True
Suppose 2*g - 1 + 2 = 3*s, -2*s = -2*g + 2. Suppose 0 = -g*k + 4*p + 4656, 2*k - 4*p - 2334 = -5*p. Let y = -229 + k. Is y a composite number?
False
Suppose 246*f + 3*z = 244*f + 1024096, -4*f - 4*z = -2048180. Is f a prime number?
False
Let w(a) = 7*a**3 - 8*a**2 - 11*a - 7. Suppose 1 = -4*k - 5*n, -5*k + 35 = 9*n - 10*n. Is w(k) a composite number?
False
Let n(o) = -2*o**3 - 9*o**2 + 39*o + 1 + 49*o - 2 - 89*o. Is n(-7) a prime number?
True
Suppose -5*k + 2*k = -5*s - 11, -3*s + k - 9 = 0. Let r be (8/(-14))/(s/14). Suppose -2*y + 2069 = 5*f, -f + r*y + 407 = -y. Is f composite?
True
Let i(l) = 7*l - 1. Let c(p) = p**2 + 29*p - 274. Let y(w) = -c(w) + 5*i(w). Let d be (2 + -1)*(1 + -1). Is y(d) composite?
False
Let s(b) = 2960*b**2 - 38*b + 163. Is s(4) prime?
False
Let n(b) = 87*b**2 - 29*b - 186. Is n(-25) a prime number?
False
Let y(r) be the third derivative of -1/12*r**4 + 1/6*r**6 + 0*r - 4*r**2 + 0 + 2/3*r**3 + 1/60*r**5. Is y(3) a composite number?
False
Suppose -56 = -6*j - 20. Suppose j*p - p = 0. Suppose p = f - 0*f - 161. Is f prime?
False
Let h(i) = 829*i**3 - 4*i**2 + 14*i - 46. Is h(5) prime?
True
Let h(q) = -q**3 - 11*q**2 + 18*q - 19. Let m(l) = l**2 + 9*l + 9. Let g be m(-12). Let n = 31 - g. Is h(n) prime?
True
Suppose 18*l - 156*l + 8746026 = 0. Is l a prime number?
True
Suppose 49668 = k - 5*h, -6*k + 248310 = -k + 5*h. Is k a prime number?
True
Is (9534 - 26) + 1/2 + (-5)/(-2